.
29, 151
Let m be 1248/(-18)*(-153)/17. Let l = -1 - -3. Suppose 5*p - m = l*p. List the prime factors of p.
2, 13
Suppose -45*s - 16*s = 18*s - 717636. List the prime factors of s.
2, 3, 757
Let m(s) = -28*s**3 + 13*s**2 + 50*s + 631. List the prime factors of m(-10).
19, 1549
Suppose 7*p = 11*p - 184. Suppose -59793 = -p*q + 21903. List the prime factors of q.
2, 3, 37
Let m(u) = -21*u + 1. Let o(b) = -42*b + 2. Let w be (10 - -2) + (-10)/10. Let t(p) = w*m(p) - 6*o(p). What are the prime factors of t(2)?
41
Let s = 3541 - 2147. Let m = s + -950. List the prime factors of m.
2, 3, 37
Suppose -o - 2*a = -8841, 14*o + 44121 = 19*o - 4*a. What are the prime factors of o?
3, 109
Let i(q) = q**3 - 9*q**2 + 9*q + 10. Let o(g) = -21 + 103 - 53 - 3*g. Let j be o(7). What are the prime factors of i(j)?
2, 3
Let i be (-339 - -6) + (1 - (-2 - -6)). Let d be (-2)/(-11) + i/(-88). What are the prime factors of -1*(d + -2) + 166?
2, 41
Let p(b) = -943*b + 14. Let m be 4 + (-1)/1 + 10/(-2). List the prime factors of p(m).
2, 5, 19
Suppose -4*i + 91969 = 3*p, -i + 2*p + 24061 = 1055. List the prime factors of i.
2, 5749
Suppose -5*f + 231 = 2*f. Let j be 2516/44 - 6/f. Suppose 10*s - j = 1013. List the prime factors of s.
107
Let p(w) = -784*w + 2204. What are the prime factors of p(-12)?
2, 2903
Let m(q) = -q**2 - 40*q + 35. Let j be m(-36). Let v = j + 715. What are the prime factors of v?
2, 3, 149
Let a = 19323 + 2676. Suppose -a + 477 = -17*w. List the prime factors of w.
2, 3, 211
Let w = 135 - 132. Let y be (219/(-3))/(w/2 + -1). Let t = y - -288. List the prime factors of t.
2, 71
Let r = 2 + 0. Suppose 0 = -3*k + 66*k - 1890. What are the prime factors of ((-12)/k)/(r/(-220))?
2, 11
Suppose 0 = -22*f + 18*f + 4988. Suppose 4*w + 1241 = 5*p, 2*w = -5*p - 0*p + f. Let m = 356 - p. List the prime factors of m.
107
Suppose 0 = -3*l - 2*l + 33285 - 10625. List the prime factors of l.
2, 11, 103
Let j be (3 - (-1 + 4)) + 32/8. Suppose 3*l - j*k = 3721, 0*l - 2*k = -2*l + 2478. List the prime factors of l.
5, 13, 19
Let n(w) = 22*w**2 - w - 7. Suppose 22 = -2*o + 28. Suppose 6*i - i - 11 = o*t, 3*i - 21 = -3*t. What are the prime factors of n(t)?
2, 47
Let w be (-8)/(8 - 0)*-2. Suppose -2*a + w*z = -2096, 3*a + 3*z = 1234 + 1922. What are the prime factors of a?
2, 3, 5, 7
List the prime factors of (7 + (-117)/36)/(34174/(-11392) - -3).
2, 3, 5, 89
Let u(f) = -696*f - 127. Suppose -7*h - 9 - 5 = 0. What are the prime factors of u(h)?
5, 11, 23
Let l = 5812 - 1637. What are the prime factors of l?
5, 167
Suppose -2409582 = -129*z - 80*z + 6423803. What are the prime factors of z?
5, 79, 107
Let f be (-72)/(-10) + (0 - (-3)/(-15)). Let t(x) = x**3 - 7*x**2 + 5*x - 9. Let o be t(f). Let n = 40 + o. List the prime factors of n.
2, 3, 11
Let f(x) = 3*x**3 - 27*x**2 - 40*x - 162. List the prime factors of f(16).
2, 2287
Let v(n) = -n**2 + 23*n - 22. Let l be v(20). Let t = l - 42. What are the prime factors of -290*2*1/t?
5, 29
Let w = 82 + -78. Suppose 47 - 15 = w*p. Suppose 0 = -p*c + 15*c - 1603. List the prime factors of c.
229
Let t(l) = 37*l + 32. Let n = 74 + -92. Let f be n/(-2) - (-25)/(-5). What are the prime factors of t(f)?
2, 3, 5
Let t(n) = -4300*n + 7676. What are the prime factors of t(-11)?
2, 859
Let f(q) = -1401*q + 243. What are the prime factors of f(-21)?
2, 3, 103
Let x(i) = 1854*i - 2846. List the prime factors of x(5).
2, 11, 73
Suppose -65*x = -63*x - 64. Suppose 6*y + x*y - 26106 = 0. List the prime factors of y.
3, 229
Let z = 66 - 29. Suppose -d - 103 = -z. Let o = -44 - d. What are the prime factors of o?
2, 11
Suppose 2*y - 3530 - 12863 = 3*h, -3*h - 15 = 0. List the prime factors of y.
19, 431
Let c(y) = -y**3 + y**2 - 5*y + 236. Let n be c(0). What are the prime factors of (-2)/(((-2)/6)/(n/3))?
2, 59
Let f(o) = -o**2 - 19*o + 96. Let j be f(-23). List the prime factors of (32/(-10))/(j/(-740)).
2, 37
Suppose 4*u - 6571 = -5*v, -4*u + 6564 = 15*v - 11*v. List the prime factors of u.
2, 19, 43
Suppose -36*u = -4*j - 34*u + 39632, -j + 9935 = 4*u. List the prime factors of j.
11, 17, 53
Let l be ((-96)/(-30))/((-4)/2630). What are the prime factors of ((-24)/96)/(2/l)?
263
Let j be 12/18 + (-4)/(-3). Suppose -p = j*n - 55, -8 + 289 = 5*p + 4*n. List the prime factors of p.
3, 19
Let l = -21342 + 42354. List the prime factors of l.
2, 3, 17, 103
Let y = -845 + 855. Let o(m) = 53*m + 41. What are the prime factors of o(y)?
571
Let r(o) = o + 23. Let i be r(-19). Suppose -i*u + 24 = -7*u. Let n(h) = -h**3 - 5*h**2 + 19*h - 2. List the prime factors of n(u).
2, 19
Let n(v) = -2*v**2 - 55*v + 34. Let a be n(-28). Let k(j) = j**3 + 2*j**2 - 6*j + 18. Let i be k(a). Suppose 9*l - 6*l - i = 0. List the prime factors of l.
2, 3, 5
Suppose -4*v = -4*l + 18348, -3*v = 10*l - 8*l - 9164. List the prime factors of l.
5, 7, 131
Let q = 737 - 710. What are the prime factors of 360591/297 + (-3)/q?
2, 607
Suppose 3*a = 3*r + 555, 4*a - r = 9*a - 943. Suppose -790 = -2*y - 4*b, -2*y - a = -3*b - 957. List the prime factors of y.
389
Suppose -6258980 = -91*v - 273*v. What are the prime factors of v?
5, 19, 181
Suppose 4*s - 5*s - 128952 = -10*s. What are the prime factors of s?
2, 3, 199
Suppose 3*z + 18 = 0, 3*m - 50019 = 90*z - 89*z. What are the prime factors of m?
3, 5557
List the prime factors of (13 + 3)*(50736/(-64))/(-21).
2, 151
Let o = 22458 - 12914. List the prime factors of o.
2, 1193
Suppose -v + 0 = 5, 2*i - 10 = -4*v. Suppose -i*f + 16*f - 173 = 0. List the prime factors of f.
173
Suppose 0*j + 0*j = -6*j. Suppose 0*o + s = -2*o + 415, 4*o - 5*s - 865 = j. List the prime factors of o.
2, 3, 5, 7
Let x = 31119 - 10568. What are the prime factors of x?
20551
Let d = 100392 - 58671. List the prime factors of d.
3, 13907
What are the prime factors of 10*(450669/315 - 1 - 6/63)?
2, 1787
Let l = 48 + -41. Suppose -704 = -l*y - y. List the prime factors of y.
2, 11
Let r(l) be the second derivative of l**5/20 + 11*l**4/6 - 13*l**3/3 - 28*l**2 - 22*l. Let n be r(-23). Suppose 5 = h - n. List the prime factors of h.
2, 3
Let h be (-326)/10 - -1 - 2/5. Let u = h - -51. What are the prime factors of (u/(-2))/(-6 - (-175)/30)?
3, 19
Suppose -2*c + 20700 = -5*s, -5*c + 9*c - 41372 = 3*s. List the prime factors of c.
2, 5, 11, 47
Let i(m) = -2*m**3 - 10*m**2 + 2*m - 43. Let y(a) = -a**3 + 7*a**2 - 11*a - 3. Let b be y(5). What are the prime factors of i(b)?
5, 13
Suppose -70469 = -2332*s + 2325*s. List the prime factors of s.
10067
Suppose -16*r = 12*r + 112. List the prime factors of r*((2 - 17) + (-14)/7).
2, 17
Let p be ((-2)/1 + -72)/1. Let a = 42 + p. Let z = 86 + a. What are the prime factors of z?
2, 3
What are the prime factors of ((-9570)/275)/((-3)/705)?
2, 3, 29, 47
Let n be (10/8*2)/(1/12). Suppose -5*l - m + 3*m = 20, -l - m = 11. List the prime factors of (-2 - 15/l)*n.
3, 5
Let g = -2746 + 6496. Suppose l = 26*l - g. List the prime factors of l.
2, 3, 5
Let t = 1831 - -5231. List the prime factors of t.
2, 3, 11, 107
Let r(j) = -j**3 - 6*j**2 - 3*j + 14. Let o be r(-5). Suppose o*q = 4*n - 8140, -9*q - 2035 = -n - 10*q. List the prime factors of n.
5, 11, 37
Suppose -9*d + 17085 = 6*d. Let k = 222 + d. List the prime factors of k.
1361
Suppose a - 2*a = -2*p - 220, 2*p + 2*a = -232. Let u = p + 106. Let r(k) = 4*k**2 + 10*k. List the prime factors of r(u).
2, 3, 7
Let i(o) = -o**2 - 4*o - 2. Let v = 39 - 41. Let u be i(v). Suppose -j + 6*j = 2*k - 133, 0 = -u*k - j + 151. List the prime factors of k.
2, 37
Let z(g) = g**3 + 15*g**2 + 11*g + 10. Suppose -13*s = -12*s + 24. Let t = 10 + s. List the prime factors of z(t).
2, 13
Let i(o) = -o**2 + 25*o - 7. Let y be i(23). Suppose 50*h - y*h = 1804. What are the prime factors of h?
2, 41
Let z(d) = d**2 - 13*d + 6. Let h(n) = -n**3 + 12*n**2 - 17*n + 25. Let i be h(10). Suppose 3*b = 6, 2*o - 5*b = 5*o - i. List the prime factors of z(o).
2, 3
Suppose -62 = 16*s - 62. Suppose -33*j + 3436 + 1646 = s. List the prime factors of j.
2, 7, 11
Let u(o) = -o**3 - 71*o**2 - 163*o + 254. List the prime factors of u(-72).
2, 31, 277
Let d(a) = 4*a**2 + 51*a + 756. What are the prime factors of d(-25)?
7, 283
Suppose -d - 8*v = -6*v - 798, -5*v + 4010 = 5*d. Suppose 9*n - 403 = -t + 6*n, -5*